041, 0 = -2*k + 5*s + 7786 + 10224. What are the prime factors of k?
3, 5, 601
Suppose -18*x - 1380 = -21*x. What are the prime factors of 13/(26/x) + -5?
3, 5
Suppose -17*p + 96033 = -79441. List the prime factors of p.
2, 13, 397
List the prime factors of 17/(-68) - (-29513)/4.
2, 7, 17, 31
Suppose 109 = -2*l + l + 5*t, -3*l - 299 = -t. Let c = -60 - l. List the prime factors of c.
3, 13
Let u(x) = -199*x**3 - 23*x**2 - 98*x - 47. List the prime factors of u(-4).
12713
Let i(b) = -1224*b + 16. Let y be i(-1). Suppose y = -15*s + 20*s. List the prime factors of s.
2, 31
Let f(m) = -2*m - 24. Let g be f(-8). Let w(o) = 7*o + 7. Let a(q) = 6*q + 7. Let u(d) = 4*a(d) - 5*w(d). List the prime factors of u(g).
3
Suppose -171*c + 3066048 = -99*c. List the prime factors of c.
2, 5323
Let t = 615 - 323. Let l = t - 111. List the prime factors of l.
181
Suppose 587*s + 59625 = 5*p + 584*s, -47737 = -4*p - 5*s. What are the prime factors of p?
2, 3, 7, 71
Suppose 5*p - 4*d - 1469 = 0, -2*d = -0*d - 8. Let x = p + -212. What are the prime factors of x?
5, 17
Let n be (-20)/10 - (-1 - 4). Suppose h = 2*b + 378, -540 = -n*h - 4*b + 584. What are the prime factors of h?
2, 47
Suppose -7*q + 9007 = -2536. Suppose 7*j - 1025 - q = 0. What are the prime factors of j?
2, 191
Suppose -q = -5*i + 23265, -5342 + 693 = -i + q. List the prime factors of i.
2, 13, 179
Suppose 17*h = 16*h + 3*y + 39608, -158341 = -4*h - y. What are the prime factors of h?
31, 1277
Let i(v) = 8*v**3 - 3*v - v**3 + 14*v**2 - v**3 - 37 + 15*v. List the prime factors of i(6).
5, 367
Suppose 2*o + 37 = -n - 394, 4*o = 4*n + 1784. Let m = -125 - n. Let l = m + -123. What are the prime factors of l?
193
What are the prime factors of 204/(8*8/2304)?
2, 3, 17
Suppose -17550 = -3*v + 24 + 1344. List the prime factors of v.
2, 3, 1051
Suppose 18250 = 4*r - v, -4*r + 11356 = -3*v - 6890. What are the prime factors of r?
3, 13
Suppose 3*t = 2*v + 9426, 0*v + 5*v = -3*t + 9447. List the prime factors of t.
2, 3, 131
Suppose 6 = -3*l, -2*n + 0*l + 56 = -4*l. Let w(c) = 8*c - 156. What are the prime factors of w(n)?
2, 3
Let q = -175 - -155. List the prime factors of ((-6)/(-10) + 32/q)*-1513.
17, 89
Let o(v) = 5148*v - 1790. List the prime factors of o(3).
2, 6827
Suppose 2*j - 14 = 44. Let b = 113 + -118. Let c = b + j. What are the prime factors of c?
2, 3
Let c(r) = 38*r**2 + 38*r + 191. What are the prime factors of c(-10)?
23, 157
Suppose -4*u = 3*g + 526 + 136, 3*g - 2*u = -650. Let l = g + 324. Let r = l - 33. What are the prime factors of r?
73
Let y(d) = -13271 + 7*d + 13248 + 62*d**2 - 3*d. List the prime factors of y(3).
547
Suppose 2*h - 42872 = -2*l, 21439 = h + 6*l - 8*l. List the prime factors of h.
13, 17, 97
Let u = -150 + 156. List the prime factors of 37325/85 + u/(-51).
439
Suppose -65*o + 4*j = -66*o - 6, -5*j = -2*o + 40. Suppose -4*n = -7 - 5. What are the prime factors of (-496)/o*n*15/(-18)?
2, 31
Suppose 0 = -4*c + 12, -l + 21 = 2*l + 2*c. Suppose -y + 3*y = d + 1, 0 = 3*d + l*y + 14. What are the prime factors of -3 - (-20)/5 - d*29?
2, 11
Suppose 120 = -q - 3*y + 38, 2*q - 4*y = -164. Let s = q - -82. Suppose -3*j + 255 + 375 = s. List the prime factors of j.
2, 3, 5, 7
Let a(j) = 60*j - 3. Let s = -28 - -34. Let b(l) = -30*l + 2. Let m(i) = s*a(i) + 11*b(i). List the prime factors of m(6).
2, 23
Let q = 128181 + -80908. List the prime factors of q.
41, 1153
Suppose 5 = 3*m - 7. What are the prime factors of 2334*(-4)/32*m/(-3)?
389
Suppose 2*p + 2*w + 2 = 6, 5*p = -w + 22. Suppose -p*v + 4*v - 4*z = 24, 0 = v + 5*z + 21. Let g = 82 + v. What are the prime factors of g?
2, 23
Let k(t) = -66*t**3 + 7*t**2 + 11*t - 20. Let y be k(-5). Suppose 2*n = 7*n - y. List the prime factors of n.
2, 5, 167
Suppose -18*a = -26*a + 50296. Suppose 0 = 11*i - 1567 - a. List the prime factors of i.
2, 3, 7, 17
Let d(y) = 2*y**3 + 1 + 199*y**3 + 5*y**2 - 10*y**3. Let w(k) = -381*k**3 - 9*k**2 - 1. Let x(p) = 5*d(p) + 3*w(p). What are the prime factors of x(-1)?
2, 47
Let q be (2/10)/((-6)/(-60)). Suppose -3*z + 1133 = -2*c, -q*z + 835 = 2*c + 83. List the prime factors of z.
13, 29
Suppose 0 = 45*x - 28*x - 561. List the prime factors of (-10000)/(-15) + 11/x.
23, 29
Let h = 322 + -157. Suppose 6*v = 315 + h. What are the prime factors of v?
2, 5
Let n(j) = 14634*j - 1151. What are the prime factors of n(3)?
42751
Suppose 28385 = 5*q + 5*a, 116*a - 117*a = -4. What are the prime factors of q?
3, 31, 61
Let j = 3750 - 724. Suppose 731 - j = -9*l. List the prime factors of l.
3, 5, 17
Let t(h) be the second derivative of 9*h**5/20 - h**4/4 - h**3/2 - 19*h + 3. List the prime factors of t(3).
3, 23
Let k = -9 - -12. Suppose -k*p + 4 = p, 97 = 2*w + 3*p. List the prime factors of w.
47
Let o(u) = 70*u - 507. List the prime factors of o(17).
683
Let a(u) = 53*u + 30. Let y be 8 - (-4)/(-8)*4. Let l be a(y). Let h = -180 + l. What are the prime factors of h?
2, 3, 7
Let c = -807 - -532. Let z = -129 - c. Suppose -13*v - z = -510. List the prime factors of v.
2, 7
Let w = 55015 - 32548. List the prime factors of w.
3, 7489
Let c(b) = -b**3 + b**2 + 4*b. Let h be c(2). Suppose 125 = i + q, 0 = 2*i - q - h*q - 278. Let n = -79 + i. What are the prime factors of n?
2, 5
Suppose 5*n + 49 = 24. List the prime factors of 3*6035/15 + n.
2, 601
Suppose 5*z - 15827 = -x, 0 = 50*z - 51*z - 2*x + 3160. Suppose -2576 = -9*j + z. What are the prime factors of j?
2, 11, 29
Let l = -44056 + 107808. What are the prime factors of l?
2, 13, 613
Let k(u) = -u**3 + 18*u**2 - 18. Let l(b) = b + 4. Let m be l(10). Let n be k(m). Suppose 6*q = 38 + n. List the prime factors of q.
2, 67
Let i = -19 - -27. Suppose -i*s = -s - 2079. What are the prime factors of s?
3, 11
What are the prime factors of 19672 + (2 + -20)*35/(-70)?
19681
Let q(x) = x**3 - 3*x**2 - 2*x + 3. Let j be q(6). Suppose -5*i - 549 = -3*v, -4*i + 3*i - j = 3*v. Let p = 121 + i. List the prime factors of p.
13
Let l be 6 - ((-1)/3 + 30/9). Let h(u) = -17*u**3 + 35*u**3 + 6*u - l - 19*u**3 + 4*u**2. What are the prime factors of h(5)?
2
Let d(m) = m**2 - 5*m - 27. Let x be d(-9). Let b = 183 - x. Suppose 0*k - k - 5*w = -89, k + 4*w = b. What are the prime factors of k?
2
Let i be (-61)/3 - 6/9. Let y(z) = 3*z**2 - 79*z + 59. Let c be y(28). What are the prime factors of c/7 - (2 - (-33)/i)?
2, 7
Suppose -u - 605 = -10326. List the prime factors of u.
9721
Let m(w) = 2*w**2 - 27*w + 7618. What are the prime factors of m(0)?
2, 13, 293
Suppose 12 = 4*a, -3*j - 4 = -5*a + 2. Suppose -5*i - 10 = -2*l, 4 = -j*i + i. Suppose l*p = 15*p - 2340. List the prime factors of p.
2, 3, 13
Suppose -6*z + 3*d + 10 = -4*z, 0 = 4*z - 5*d - 18. Suppose 0 = 2*b - z*x - 18, 0 = b - 6*b + x + 53. What are the prime factors of 2/b + 48/(-22) + 116?
2, 3, 19
Suppose -3*b - 2*f = -11531, 218*f - 214*f = -8. List the prime factors of b.
5, 769
Let v = 73679 + -43497. List the prime factors of v.
2, 15091
Let v be 10*-116*3/18*3. Let d = v - -829. What are the prime factors of d?
3, 83
List the prime factors of ((28/(-21))/(-2))/((-28786)/14394 - -2).
2, 2399
Suppose 64*o = 65*o - 996. Suppose -2*q = 3*t - 609, 12 + o = 5*t + q. List the prime factors of t.
3, 67
Suppose 6*a + 10 = 8*a. Suppose 223 = a*w - 157. Suppose 4*b = -0*b + w. What are the prime factors of b?
19
What are the prime factors of (-6)/7 + 147174848/3808?
2, 4831
Let o = 9058 - 2269. List the prime factors of o.
3, 31, 73
Suppose 40 - 10 = 10*x. Suppose i - r = -x*r + 321, 10 = 2*r. List the prime factors of i.
311
Suppose -10*i - 2 = -8*i. Let h be (-30)/135 - (i + 20/(-9)). Suppose -2*r = -h - 279. What are the prime factors of r?
3, 47
List the prime factors of (30636/230 + -44)/(-1 + 331/330).
2, 3, 11, 223
Suppose t = 1, 4*l - 307698 - 36880 = -2*t. What are the prime factors of l?
2, 673
Let g be 53/(-6) - 17/102. Let o be 18/(-27) - 42/g. Suppose o*p - 124 = 228. List the prime factors of p.
2, 11
Suppose 121 = -12*i - 83. Let f(b) = -36*b - 56. Let s be f(i). Let m = s - 370. What are the prime factors of m?
2, 3, 31
Let r(l) = 2*l**3 - 12*l**2 - 16*l - 1. Let d be r(7). List the prime factors of 2*(-685)/d - 10/(-15).
2, 23
Let r = -84 + 88. Suppose -133 = 4*p - r*d + 91, 0 = -3*p + d - 164. List